{"id":278,"date":"2023-11-20T13:01:24","date_gmt":"2023-11-20T12:01:24","guid":{"rendered":"https:\/\/livewood.sk\/?page_id=278"},"modified":"2024-04-01T23:10:31","modified_gmt":"2024-04-01T21:10:31","slug":"dynamicka_vazba","status":"publish","type":"page","link":"https:\/\/livewood.sk\/?page_id=278","title":{"rendered":"Bezpe\u010dnostn\u00e9 v\u00e4zby"},"content":{"rendered":"\n<h3 class=\"wp-block-heading\"><strong><em>Inovat\u00edvny Pr\u00edstup k bezpe\u010dnosti a zdraviu zelene<\/em><\/strong><\/h3>\n\n\n\n<p>S obavami o bezpe\u010dnos\u0165 a zdravie zelene sa st\u00e1va d\u00f4le\u017eitej\u0161\u00edm ako kedyko\u013evek predt\u00fdm, a v tejto s\u00favislosti prich\u00e1dza dynamick\u00e1 v\u00e4zba kor\u00fan stromov ako inovat\u00edvne a \u00fa\u010dinn\u00e9 rie\u0161enie. T\u00e1to technika odbornej arboristiky pon\u00faka mnoh\u00e9 v\u00fdhody v porovnan\u00ed s tradi\u010dnou statickou v\u00e4zbou, pr\u00edpadne laickou v\u00e4zbou, a to predov\u0161etk\u00fdm v oblasti flexibility, odolnosti vo\u010di vetru a prirodzen\u00e9ho pohybu stromu.<\/p>\n\n\n\n<h3 class=\"wp-block-heading\"><strong>Flexibilita a Odolnos\u0165 vo\u010di Vetru:<\/strong><\/h3>\n\n\n\n<p>Dynamick\u00e1 v\u00e4zba poskytuje stromu flexibilitu, ktor\u00e1 umo\u017e\u0148uje jemn\u00fd pohyb kor\u00fan vo vetre. T\u00e1to vlastnos\u0165 nielen\u017ee zni\u017euje n\u00e1razy od vetra, ale aj minimalizuje pravdepodobnos\u0165 po\u0161kodenia kon\u00e1rov. Stromy, ktor\u00e9 s\u00fa isten\u00e9 dynamickou v\u00e4zbou, sa adaptuj\u00fa na zmeny v\u00fdkyvov po\u010dasia a zachov\u00e1vaj\u00fa svoju stabilitu aj pri nepredv\u00eddan\u00fdch udalostiach.<\/p>\n\n\n\n<h3 class=\"wp-block-heading\"><strong>Podpora Prirodzen\u00e9mu Pohybu Stromu:<\/strong><\/h3>\n\n\n\n<p>Oproti statickej v\u00e4zbe, ktor\u00e1 m\u00f4\u017ee obmedzova\u0165 prirodzen\u00fd pohyb stromu, dynamick\u00e1 v\u00e4zba ho sk\u00f4r podporuje. Prirodzen\u00fd pohyb je k\u013e\u00fa\u010dov\u00fd pre rozvoj siln\u00fdch a odoln\u00fdch kon\u00e1rov. Stromy, ktor\u00e9 maj\u00fa mo\u017enos\u0165 jemn\u00e9ho pohybu, s\u00fa \u010dasto lep\u0161ie pripraven\u00e9 na r\u00f4zne environment\u00e1lne vplyvy a maj\u00fa tendenciu by\u0165 odolnej\u0161ie vo\u010di mechanick\u00fdm stresom.<\/p>\n\n\n\n<h3 class=\"wp-block-heading\"><strong>Prevencia Prasknutia V\u00e4zby:<\/strong><\/h3>\n\n\n\n<p>Dynamick\u00e1 v\u00e4zba m\u00f4\u017ee by\u0165 efekt\u00edvnou prevenciou prasknutia v\u00e4zieb v situ\u00e1ci\u00e1ch, kedy statick\u00e1 v\u00e4zba by mohla zlyha\u0165. Tento faktor rob\u00ed dynamick\u00fa v\u00e4zbu \u0161peci\u00e1lne u\u017eito\u010dnou v oblastiach s nevyspytate\u013en\u00fdmi poveternostn\u00fdmi podmienkami alebo v\u00fdkyvami n\u00e1hleho za\u0165a\u017eenia.<\/p>\n\n\n\n<h3 class=\"wp-block-heading\"><strong>Odborn\u00fd Pr\u00edstup k Starostlivosti o Zele\u0148:<\/strong><\/h3>\n\n\n\n<p>Vyu\u017eitie dynamick\u00fdch v\u00e4zieb v odbornej arboristike demon\u0161truje pr\u00edstup zameran\u00fd na zachovanie zdravia stromov a z\u00e1rove\u0148 na ochranu ich okolia. Arboristi s\u00fa st\u00e1le viac in\u0161pirovan\u00ed touto modernou met\u00f3dou, ktor\u00e1 zd\u00f4raz\u0148uje nevyhnutnos\u0165 prisp\u00f4sobenia sa prirodzen\u00fdm potreb\u00e1m stromov.<\/p>\n\n\n\n<h3 class=\"wp-block-heading\"><strong>Z\u00e1ver:<\/strong><\/h3>\n\n\n\n<p>Dynamick\u00e1 v\u00e4zba kor\u00fan stromov je inovat\u00edvnym krokom vpred v oblasti arboristiky. Poskytuje nielen bezpe\u010dnos\u0165 a stabilitu, ale aj podporuje zdrav\u00fd rast a v\u00fdvoj stromov. Tento pr\u00edstup odzrkad\u013euje neust\u00e1lu evol\u00faciu v starostlivosti o zele\u0148 a ukazuje, \u017ee v modernom svete je mo\u017en\u00e9 spoji\u0165 bezpe\u010dnos\u0165 s prirodzen\u00fdm pohybom stromov pre ich trval\u00e9 zdravie a kr\u00e1su.<\/p>\n","protected":false},"excerpt":{"rendered":"<p>Inovat\u00edvny Pr\u00edstup k bezpe\u010dnosti a zdraviu zelene S obavami o bezpe\u010dnos\u0165 a zdravie zelene sa st\u00e1va d\u00f4le\u017eitej\u0161\u00edm ako kedyko\u013evek predt\u00fdm, a v tejto s\u00favislosti prich\u00e1dza dynamick\u00e1 v\u00e4zba kor\u00fan stromov ako inovat\u00edvne a \u00fa\u010dinn\u00e9 rie\u0161enie. T\u00e1to technika odbornej arboristiky pon\u00faka mnoh\u00e9 v\u00fdhody v porovnan\u00ed s tradi\u010dnou statickou v\u00e4zbou, pr\u00edpadne laickou v\u00e4zbou, a to predov\u0161etk\u00fdm v oblasti [&hellip;]<\/p>\n","protected":false},"author":1,"featured_media":0,"parent":0,"menu_order":0,"comment_status":"closed","ping_status":"closed","template":"","meta":{"_mi_skip_tracking":false,"footnotes":""},"class_list":["post-278","page","type-page","status-publish","hentry"],"yoast_head":"<!-- This site is optimized with the Yoast SEO plugin v19.13 - https:\/\/yoast.com\/wordpress\/plugins\/seo\/ -->\n<title>Bezpe\u010dnostn\u00e9 v\u00e4zby - LiveWood<\/title>\n<meta name=\"description\" content=\"Istenie koruny stromov dynamickou v\u00e4zbou. Prevencia pred p\u00e1dom alebo zlomen\u00edm. Stabiliz\u00e1cia po\u010das nepriazniv\u00fdch meteorologick\u00fdch podmienok. %\" \/>\n<meta name=\"robots\" content=\"index, follow, max-snippet:-1, max-image-preview:large, max-video-preview:-1\" \/>\n<link rel=\"canonical\" href=\"https:\/\/livewood.sk\/?page_id=278\" \/>\n<meta property=\"og:locale\" content=\"sk_SK\" \/>\n<meta property=\"og:type\" content=\"article\" \/>\n<meta property=\"og:title\" content=\"Bezpe\u010dnostn\u00e9 v\u00e4zby - LiveWood\" \/>\n<meta property=\"og:description\" content=\"Istenie koruny stromov dynamickou v\u00e4zbou. Prevencia pred p\u00e1dom alebo zlomen\u00edm. Stabiliz\u00e1cia po\u010das nepriazniv\u00fdch meteorologick\u00fdch podmienok. %\" \/>\n<meta property=\"og:url\" content=\"https:\/\/livewood.sk\/?page_id=278\" \/>\n<meta property=\"og:site_name\" content=\"LiveWood\" \/>\n<meta property=\"article:modified_time\" content=\"2024-04-01T21:10:31+00:00\" \/>\n<meta name=\"twitter:card\" content=\"summary_large_image\" \/>\n<meta name=\"twitter:label1\" content=\"Predpokladan\u00fd \u010das \u010d\u00edtania\" \/>\n\t<meta name=\"twitter:data1\" content=\"2 min\u00faty\" \/>\n<script type=\"application\/ld+json\" class=\"yoast-schema-graph\">{\"@context\":\"https:\/\/schema.org\",\"@graph\":[{\"@type\":\"WebPage\",\"@id\":\"https:\/\/livewood.sk\/?page_id=278\",\"url\":\"https:\/\/livewood.sk\/?page_id=278\",\"name\":\"Bezpe\u010dnostn\u00e9 v\u00e4zby - LiveWood\",\"isPartOf\":{\"@id\":\"https:\/\/livewood.sk\/#website\"},\"datePublished\":\"2023-11-20T12:01:24+00:00\",\"dateModified\":\"2024-04-01T21:10:31+00:00\",\"description\":\"Istenie koruny stromov dynamickou v\u00e4zbou. Prevencia pred p\u00e1dom alebo zlomen\u00edm. Stabiliz\u00e1cia po\u010das nepriazniv\u00fdch meteorologick\u00fdch podmienok. %\",\"breadcrumb\":{\"@id\":\"https:\/\/livewood.sk\/?page_id=278#breadcrumb\"},\"inLanguage\":\"sk-SK\",\"potentialAction\":[{\"@type\":\"ReadAction\",\"target\":[\"https:\/\/livewood.sk\/?page_id=278\"]}]},{\"@type\":\"BreadcrumbList\",\"@id\":\"https:\/\/livewood.sk\/?page_id=278#breadcrumb\",\"itemListElement\":[{\"@type\":\"ListItem\",\"position\":1,\"name\":\"Home\",\"item\":\"https:\/\/livewood.sk\/\"},{\"@type\":\"ListItem\",\"position\":2,\"name\":\"Bezpe\u010dnostn\u00e9 v\u00e4zby\"}]},{\"@type\":\"WebSite\",\"@id\":\"https:\/\/livewood.sk\/#website\",\"url\":\"https:\/\/livewood.sk\/\",\"name\":\"LiveWood\",\"description\":\"Experti v starostlivosti o stromy\",\"potentialAction\":[{\"@type\":\"SearchAction\",\"target\":{\"@type\":\"EntryPoint\",\"urlTemplate\":\"https:\/\/livewood.sk\/?s={search_term_string}\"},\"query-input\":\"required name=search_term_string\"}],\"inLanguage\":\"sk-SK\"}]}<\/script>\n<!-- \/ Yoast SEO plugin. -->","yoast_head_json":{"title":"Bezpe\u010dnostn\u00e9 v\u00e4zby - LiveWood","description":"Istenie koruny stromov dynamickou v\u00e4zbou. Prevencia pred p\u00e1dom alebo zlomen\u00edm. Stabiliz\u00e1cia po\u010das nepriazniv\u00fdch meteorologick\u00fdch podmienok. %","robots":{"index":"index","follow":"follow","max-snippet":"max-snippet:-1","max-image-preview":"max-image-preview:large","max-video-preview":"max-video-preview:-1"},"canonical":"https:\/\/livewood.sk\/?page_id=278","og_locale":"sk_SK","og_type":"article","og_title":"Bezpe\u010dnostn\u00e9 v\u00e4zby - LiveWood","og_description":"Istenie koruny stromov dynamickou v\u00e4zbou. Prevencia pred p\u00e1dom alebo zlomen\u00edm. Stabiliz\u00e1cia po\u010das nepriazniv\u00fdch meteorologick\u00fdch podmienok. %","og_url":"https:\/\/livewood.sk\/?page_id=278","og_site_name":"LiveWood","article_modified_time":"2024-04-01T21:10:31+00:00","twitter_card":"summary_large_image","twitter_misc":{"Predpokladan\u00fd \u010das \u010d\u00edtania":"2 min\u00faty"},"schema":{"@context":"https:\/\/schema.org","@graph":[{"@type":"WebPage","@id":"https:\/\/livewood.sk\/?page_id=278","url":"https:\/\/livewood.sk\/?page_id=278","name":"Bezpe\u010dnostn\u00e9 v\u00e4zby - LiveWood","isPartOf":{"@id":"https:\/\/livewood.sk\/#website"},"datePublished":"2023-11-20T12:01:24+00:00","dateModified":"2024-04-01T21:10:31+00:00","description":"Istenie koruny stromov dynamickou v\u00e4zbou. Prevencia pred p\u00e1dom alebo zlomen\u00edm. Stabiliz\u00e1cia po\u010das nepriazniv\u00fdch meteorologick\u00fdch podmienok. %","breadcrumb":{"@id":"https:\/\/livewood.sk\/?page_id=278#breadcrumb"},"inLanguage":"sk-SK","potentialAction":[{"@type":"ReadAction","target":["https:\/\/livewood.sk\/?page_id=278"]}]},{"@type":"BreadcrumbList","@id":"https:\/\/livewood.sk\/?page_id=278#breadcrumb","itemListElement":[{"@type":"ListItem","position":1,"name":"Home","item":"https:\/\/livewood.sk\/"},{"@type":"ListItem","position":2,"name":"Bezpe\u010dnostn\u00e9 v\u00e4zby"}]},{"@type":"WebSite","@id":"https:\/\/livewood.sk\/#website","url":"https:\/\/livewood.sk\/","name":"LiveWood","description":"Experti v starostlivosti o stromy","potentialAction":[{"@type":"SearchAction","target":{"@type":"EntryPoint","urlTemplate":"https:\/\/livewood.sk\/?s={search_term_string}"},"query-input":"required name=search_term_string"}],"inLanguage":"sk-SK"}]}},"_links":{"self":[{"href":"https:\/\/livewood.sk\/index.php?rest_route=\/wp\/v2\/pages\/278","targetHints":{"allow":["GET"]}}],"collection":[{"href":"https:\/\/livewood.sk\/index.php?rest_route=\/wp\/v2\/pages"}],"about":[{"href":"https:\/\/livewood.sk\/index.php?rest_route=\/wp\/v2\/types\/page"}],"author":[{"embeddable":true,"href":"https:\/\/livewood.sk\/index.php?rest_route=\/wp\/v2\/users\/1"}],"replies":[{"embeddable":true,"href":"https:\/\/livewood.sk\/index.php?rest_route=%2Fwp%2Fv2%2Fcomments&post=278"}],"version-history":[{"count":4,"href":"https:\/\/livewood.sk\/index.php?rest_route=\/wp\/v2\/pages\/278\/revisions"}],"predecessor-version":[{"id":381,"href":"https:\/\/livewood.sk\/index.php?rest_route=\/wp\/v2\/pages\/278\/revisions\/381"}],"wp:attachment":[{"href":"https:\/\/livewood.sk\/index.php?rest_route=%2Fwp%2Fv2%2Fmedia&parent=278"}],"curies":[{"name":"wp","href":"https:\/\/api.w.org\/{rel}","templated":true}]}}